42234?
-342233
In base 16, what is 4ed + -1ab?
342
In base 2, what is 0 - 1100010011001010101?
-1100010011001010101
In base 16, what is 11 + -39a2?
-3991
In base 15, what is -773ce7 - 4?
-773ceb
In base 11, what is -193808 + 5?
-193803
In base 11, what is -269209 - 2?
-269210
In base 11, what is -60a1 + 224?
-5978
In base 5, what is 1132444 + -442?
1132002
In base 7, what is 31401 - -22?
31423
In base 16, what is 82d6 - 24?
82b2
In base 3, what is 10 + 202021100121?
202021100201
In base 14, what is -a + -46d1?
-46db
In base 13, what is -42066 + -5?
-4206b
In base 15, what is 5 + -63166?
-63161
In base 15, what is 1 + -47b9?
-47b8
In base 7, what is -26404 - 2?
-26406
In base 2, what is 1000101001101011000 - -100?
1000101001101011100
In base 11, what is 123 - 1825?
-1702
In base 7, what is -1 - 45403?
-45404
In base 4, what is -112011101 - -21?
-112011020
In base 7, what is 1135062 - -2?
1135064
In base 2, what is -10000011111100 + -11?
-10000011111111
In base 2, what is -100 - 110110001111101111?
-110110001111110011
In base 16, what is -1 + -308?
-309
In base 2, what is -10010001 - 1110001110?
-10000011111
In base 16, what is ae6c - e?
ae5e
In base 11, what is 18587 - -2?
18589
In base 16, what is 13dc - 32?
13aa
In base 14, what is -1800 - -12d?
-16b1
In base 13, what is -220 + 1679?
1459
In base 3, what is -1 + 1112220102?
1112220101
In base 16, what is -165a + 4?
-1656
In base 5, what is -332 + -212330?
-213212
In base 11, what is 4 + 1344?
1348
In base 6, what is 232003 + 13?
232020
In base 13, what is bb + 63a?
728
In base 9, what is -5 + -4042?
-4047
In base 7, what is 5 - -36114?
36122
In base 5, what is 133 + 112433?
113121
In base 7, what is 52650043 - -5?
52650051
In base 12, what is -1 - -16b6?
16b5
In base 10, what is 8004 + 68?
8072
In base 16, what is -1 + cdcf?
cdce
In base 6, what is 1412 + -40?
1332
In base 6, what is -251 - -3250?
2555
In base 14, what is a - -c7c1b?
c7c27
In base 14, what is 6a67d + 0?
6a67d
In base 3, what is -22 - -20110010?
20102211
In base 9, what is 57547 + 0?
57547
In base 13, what is 2710b - -3?
27111
In base 7, what is 124 - -2052?
2206
In base 11, what is 579a + -1?
5799
In base 9, what is 13 - -1004?
1017
In base 13, what is 1 + 159c3?
159c4
In base 9, what is -178084 + -5?
-178100
In base 15, what is 7 - -7a1e?
7a26
In base 6, what is 412 - 112422?
-112010
In base 3, what is -12002012 - 12110?
-12021122
In base 11, what is -60 + 176?
116
In base 15, what is d + c0cec?
c0d0a
In base 13, what is -11c - 22b2?
-2401
In base 15, what is 2 + -32c5?
-32c3
In base 6, what is -300 - 1140?
-1440
In base 10, what is -11 - -5340?
5329
In base 8, what is 12673 + 133?
13026
In base 7, what is 1266610 + -5?
1266602
In base 2, what is -1101111100011010 - -10111?
-1101111100000011
In base 14, what is 12 + -9362?
-9350
In base 15, what is 5d85 + 2d?
5db3
In base 14, what is 1 + 1ad?
1b0
In base 12, what is 36 - b15?
-a9b
In base 6, what is -132 - -515330?
515154
In base 4, what is -31203111 + -1?
-31203112
In base 16, what is 223359 + 3?
22335c
In base 6, what is 35001035 - 0?
35001035
In base 11, what is 774a8 + 0?
774a8
In base 9, what is 631776 + 17?
631804
In base 5, what is 0 + -23043?
-23043
In base 6, what is 23433203 - 4?
23433155
In base 9, what is -22778 + 2?
-22776
In base 7, what is 26621 - -20?
26641
In base 10, what is 11 + 77786?
77797
In base 14, what is 6079 - -10?
6089
In base 13, what is 3c - -8a60?
8a9c
In base 9, what is -1670317 + 3?
-1670314
In base 16, what is c - 413?
-407
In base 3, what is -10120200 - -1002?
-10112121
In base 5, what is 1111111 - 42?
1111014
In base 15, what is 37 - 10aa6?
-10a6e
In base 9, what is 1483382 - 14?
1483367
In base 8, what is 123015 + -3?
123012
In base 14, what is 4 + -4853?
-484d
In base 15, what is 25961 - 2?
2595e
In base 7, what is 1423 + 3?
1426
In base 6, what is 4 - 112500?
-112452
In base 12, what is 135 + 7a4?
919
In base 4, what is -101 + -223311?
-230012
In base 14, what is -88 + 1a6?
11c
In base 14, what is -124 - 68?
-18c
In base 4, what is -1 - -2112200?
2112133
In base 14, what is 21 - -ab6c?
ab8d
In base 4, what is -22002211 - 10?
-22002221
In base 8, what is 23466 - 5?
23461
In base 13, what is 5 - -4c864?
4c869
In base 7, what is -341166 + 11?
-341155
In base 2, what is -10000111100101 + 1011000?
-10000110001101
In base 9, what is 35 + 22004?
22040
In base 10, what is 3 - 1486016?
-1486013
In base 8, what is 7265 - 2?
7263
In base 2, what is 1111 + -101010100101000?
-101010100011001
In base 3, what is -12 - 11101120022?
-11101120111
In base 4, what is -13202111 + 0?
-13202111
In base 8, what is 3 - 427760?
-427755
In base 14, what is -1b + -b32?
-b4d
In base 5, what is -24420 + -333?
-30303
In base 7, what is 1 - -55022?
55023
In base 5, what is -3 - 303003?
-303011
In base 10, what is 126 + 12336?
12462
In base 14, what is d9990 + -1?
d998d
In base 10, what is -19 + 5094?
5075
In base 7, what is -21 - 13362?
-13413
In base 16, what is 0 - -1ef47?
1ef47
In base 10, what is -61498 - 3?
-61501
In base 2, what is 101111010100111011 - 11?
101111010100111000
In base 16, what is 6 - 28a6?
-28a0
In base 10, what is -31 + -22377?
-22408
In base 13, what is -6589a2 - -1?
-6589a1
In base 2, what is 10000 + -1011110000011101?
-1011110000001101
In base 16, what is 88f - 5?
88a
In base 13, what is 3 - -c1c7?
c1ca
In base 9, what is -185366 - 4?
-185371
In base 16, what is -4 - -2fe8?
2fe4
In base 15, what is -2c83 + -24?
-2ca7
In base 6, what is -112 + 332024?
331512
In base 16, what is -1c902 - 2?
-1c904
In base 3, what is 11 - 20012101122?
-20012101111
In base 9, what is 4388043 - 1?
4388042
In base 9, what is 6456 + -5?
6451
In base 11, what is 5 + -7388?
-7383
In base 16, what is -2b93 + -3?
-2b96
In base 10, what is -1107368 + -1?
-1107369
In base 10, what is -43 - 1493?
-1536
In base 5, what is 433 - 243?
140
In base 11, what is -4168 + -6?
-4173
In base 2, what is -100000011011100110 + 100?
-100000011011100010
In base 2, what is -1000111110 - -10101001101?
1100001111
In base 5, what is 144110 + 1202?
200312
In base 16, what is -53b237 + 2?
-53b235
In base 11, what is -16 + -71a?
-735
In base 7, what is 15 - -1220665?
1221013
In base 15, what is -2d97 + -15b?
-3003
In base 5, what is -11 + -114410?
-114421
In base 5, what is 10 - -401202?
401212
In base 7, what is -46661 - 36?
-50030
In base 10, what is 5524 + -19?
5505
In base 5, what is 12343223 - -4?
12343232
In base 5, what is -11013313 - -2?
-11013311
In base 10, what is -9412 + -163?
-9575
In base 16, what is -10906 + 3?
-10903
In base 12, what is 4 + -370?
-368
In base 14, what is 1c8 - 1898?
-16b0
In base 15, what is -894 - -15?
-87e
In base 6, what is 20255 - -1341?
22040
In base 11, what is 2729 - 16?
2713
In base 7, what is -114 - -43644?
43530
In base 7, what is -106551 + 42?
-106506
In base 3, what is 212 - 112112122?
-112111210
In base 2, what is 10000010000 + 11110111?
10100000111
In base 13, what is 3 + 203839?
20383c
In base 16, what is aeff + -1a?
aee5
In base 11, what is 98150 + 3?
98153
In base 12, what is 781 + 4?
785
In base 14, what is -3 - 9056?
-9059
In base 2, what is 101001000010100 - 1010?
101001000001010
In base 9, what is -63 + -60?
-133
In base 12, what is 5 - -160?
165
In base 16, what is 2849d7 + 0?
2849d7
In base 13, what is b + 1187?
1195
In base 14, what is 3 + 2b0a?
2b0d
In base 2, what is 11100100 + -11110011010?
-11010110110
In base 15, what is -2 - 29da?
-29dc
In base 15, what is -2 - 2d16?
-2d18
In base 5, what is -2 - 220242?
-220244
In base 2, what is -11011011011101001 - 111?
-11011011011110000
In base 3, what is -2011212102 + 10?
-2011212022
In base 8, what is 4 + -2503502?
-2503476
In base 7, what is 11 + -132042?
-132031
In base 14, what is -191 - 431?
-5c2
In base 16, what is 1 - 7d066?
-7d065
In base 13, what is -57a + 1cb2?
1735
In base 4, what is 21 - -333213121?
333213202
In base 2, what is -11 - -10010011000101001001?
10010011000101000110
In base 3, what is 1101102 - 2210?
1021122
In base 10, what is -2182 + 6?
-2176
In base 4, what is 13322311 + -10?
13322301
In base 2, what is 1010 - -1001100010101?
1001100011111
In base 12, what is 15a - 520a?
-5070
In base 15, what is -2b4 - c?
-2c1
In base 15, what is 2813 + -6?
280c
In base 14, what i